20450289933 a composite number?
False
Is 2106561059 prime?
True
Is 2650075367 composite?
False
Is 3589669687 composite?
False
Is 11426633083 prime?
True
Is 2345385919 a composite number?
False
Is 449889283 a composite number?
False
Is 762702289 a prime number?
True
Is 32170151171 a composite number?
True
Is 14188779439 a composite number?
False
Is 2289677701 a prime number?
False
Is 1985829514 composite?
True
Is 23580180269 composite?
False
Is 294733419 prime?
False
Is 12624888707 a prime number?
True
Is 28421531 prime?
True
Is 498232453 prime?
True
Is 172875041 prime?
True
Is 1465452319 a prime number?
False
Is 59468543 prime?
True
Is 866346953 a prime number?
True
Is 38454675367 prime?
True
Is 8254075691 composite?
False
Is 17719138595 prime?
False
Is 9801854 composite?
True
Is 142170695 a composite number?
True
Is 535730989 composite?
True
Is 357189589 composite?
False
Is 275373841 prime?
False
Is 465683401 prime?
False
Is 1752015173 composite?
True
Is 9814234747 a composite number?
False
Is 34487771 composite?
False
Is 8523169583 composite?
False
Is 1472395343 prime?
False
Is 12649298933 a prime number?
False
Is 276449939 prime?
False
Is 41252790463 a prime number?
False
Is 96692208079 composite?
True
Is 3636950567 a prime number?
True
Is 351822241 a prime number?
True
Is 516959821151 a composite number?
False
Is 1680310783 a composite number?
True
Is 4235880503 a composite number?
False
Is 417013979 composite?
False
Is 238086307 composite?
False
Is 968244019 a composite number?
False
Is 3425924577 composite?
True
Is 6583170518 composite?
True
Is 1668777529 a composite number?
True
Is 285715219 a composite number?
False
Is 25840601 a prime number?
False
Is 5793684973 prime?
True
Is 4929203693 a composite number?
True
Is 3212379178 a prime number?
False
Is 170880349 a composite number?
False
Is 7820117609 a prime number?
False
Is 1111269581 a prime number?
False
Is 2603574721 composite?
True
Is 1307754741 composite?
True
Is 19817811691 composite?
False
Is 145051033 composite?
False
Is 666844943 composite?
False
Is 694286843 prime?
True
Is 20391438611 a prime number?
True
Is 107321087 a prime number?
False
Is 57085706371 a composite number?
False
Is 21715915811 a prime number?
True
Is 30753941081 prime?
True
Is 1398767491 a prime number?
False
Is 5198160511 composite?
False
Is 66279203 prime?
False
Is 334003633 a prime number?
True
Is 4265906819 a composite number?
False
Is 7726596257 prime?
True
Is 198717997 composite?
True
Is 17479008241 prime?
True
Is 10195319 prime?
True
Is 52287460465 prime?
False
Is 3164573317 a prime number?
False
Is 1023811669 composite?
True
Is 561736547 composite?
True
Is 123905329 a composite number?
True
Is 284435461 a prime number?
False
Is 1718902013 a composite number?
True
Is 15124998909 a composite number?
True
Is 760093127 composite?
True
Is 17453886713 composite?
True
Is 1902191831 prime?
True
Is 2271753821 a prime number?
False
Is 40979233 prime?
False
Is 29860163771 a composite number?
False
Is 10457099239 a prime number?
True
Is 175652789683 composite?
True
Is 67187863531 prime?
True
Is 3058639021 a composite number?
False
Is 9400700711 a composite number?
False
Is 1968325537 a prime number?
True
Is 576973093 prime?
False
Is 46458044603 composite?
False
Is 3557648053 a prime number?
True
Is 116709715169 composite?
False
Is 1621946878 prime?
False
Is 1341512171 a prime number?
False
Is 12325302361 composite?
False
Is 12421740859 a composite number?
True
Is 20618939427 prime?
False
Is 116162777 a composite number?
True
Is 6722517173 a composite number?
True
Is 5604762067 composite?
False
Is 71952562205 a prime number?
False
Is 32558187757 composite?
False
Is 1348124083 a composite number?
True
Is 9264217841 a composite number?
False
Is 1308746509 a composite number?
True
Is 1662927983 a composite number?
False
Is 1938520541 a prime number?
True
Is 2504811071 a composite number?
True
Is 1361205331 a composite number?
True
Is 23976788837 composite?
False
Is 7723342801 prime?
False
Is 27129686 a composite number?
True
Is 23631814519 composite?
True
Is 685849243 prime?
False
Is 50138152483 a composite number?
False
Is 42442027 composite?
False
Is 5072208643 a composite number?
True
Is 124130679 a composite number?
True
Is 90424781189 a prime number?
False
Is 1411008307 a composite number?
True
Is 142097911 prime?
False
Is 4285508251 prime?
True
Is 710407267 prime?
False
Is 607947601 a composite number?
True
Is 268336379 a composite number?
True
Is 1521350257 composite?
True
Is 64057774199 a composite number?
False
Is 121692419 a composite number?
True
Is 51701893169 a composite number?
False
Is 32813053151 a prime number?
False
Is 28968904735 composite?
True
Is 715034321 a composite number?
False
Is 581352767 a prime number?
False
Is 207533117651 a prime number?
True
Is 5461527307 a prime number?
False
Is 2908521283 prime?
True
Is 3347458271 composite?
False
Is 8118151667 composite?
False
Is 1645951289 a prime number?
False
Is 345836131 a prime number?
False
Is 21678314041 composite?
False
Is 38117880721 composite?
True
Is 3458273587 prime?
True
Is 9490130473 composite?
True
Is 776611673 composite?
True
Is 11556397121 a composite number?
False
Is 1766844091 a prime number?
False
Is 2401100963 a prime number?
True
Is 1617347843 composite?
True
Is 240568874047 prime?
True
Is 1313123727 prime?
False
Is 54365530567 a composite number?
True
Is 43226286085 prime?
False
Is 2557208733 composite?
True
Is 1841741749 a prime number?
True
Is 4804626949 a composite number?
False
Is 714354689861 composite?
False
Is 277390072327 a composite number?
False
Is 64228347769 prime?
False
Is 116657773 a composite number?
False
Is 23208876749 a prime number?
True
Is 1925351401 composite?
False
Is 2973976255 a composite number?
True
Is 488992576849 a composite number?
True
Is 5151828823 a prime number?
True
Is 7936474103 a prime number?
True
Is 1103850841 a composite number?
True
Is 62808172473 prime?
False
Is 2079891761 a composite number?
False
Is 29046059401 a composite number?
True
Is 90062202583 composite?
True
Is 1211907227 prime?
False
Is 70127054561 a prime number?
True
Is 4976580599 a composite number?
False
Is 16393287683 a composite number?
False
Is 469573805 a prime number?
False
Is 358030499 a composite number?
False
Is 5056752119 a composite number?
True
Is 1917687299 composite?
True
Is 1189168969 composite?
False
Is 4085880067 a composite number?
True
Is 120684302521 prime?
False
Is 106190377347 composite?
True
Is 2292726529 a composite number?
True
Is 3874362803 a composite number?
True
Is 24580675113 a composite number?
True
Is 45059093039 a composite number?
False
Is 13960321831 a composite number?
True
Is 27040820627 a prime number?
True
Is 5979532211 a composite number?
True
Is 7278547219 composite?
False
Is 2435691101 a composite number?
False
Is 16488339971 a prime number?
True
Is 13070689 composite?
True
Is 18732960013 prime?
True
Is 2460848363 composite?
False
Is 2773416251 composite?
False
Is 224805709 a prime number?
False
Is 6981688991 a composite number?
False
Is 26874875813 composite?
False
Is 26003760391 prime?
False
Is 40427630157 composite?
True
Is 19207795721 a prime number?
True
Is 909872789 prime?
False
Is 14825832037 composite?
True
Is 71422709 a prime number?
True
Is 566029301 a prime number?
True
Is 1797928471 composite?
False
Is 22333433614 a prime number?
False
Is 52881823 composite?
True
Is 72653054509 prime?
False
Is 171550699841 prime?
False
Is 57600150323 a prime number?
False
Is 63623869 composite?
False
Is 58557947849 composite?
True
Is 1823683507 a composite number?
True
Is 50543903719 a prime number?
False
Is 375600751 a composite number?
False
Is 488078107 a composite number?
True
Is 58673217013 a composite number?
False
Is 13856789753 composite?
True
Is 1528591007 composite?
True
Is 1157166979 prime?
True
Is 8270144693 a prime number?
True
Is 2266653 composite?
True
Is 263221691053 composite?
True
Is 2568461699 composite?
False
Is 10438152661 prime?
False
Is 118457503 prime?
True
Is 65592151543 a prime number?
False
Is 126011407 a prime number?
False
Is 55590321 prime?
False
Is 1110177093 prime?
False
Is 655577465 prime?
False
Is 113483467267 a composite number?
False
Is 2150208